the greatest common factor of 1110 and 447700.
370
What is the greatest common divisor of 299 and 4577?
23
Calculate the greatest common factor of 40 and 236780.
20
What is the greatest common divisor of 29268 and 8064?
36
Calculate the greatest common factor of 6233 and 2323.
23
What is the highest common divisor of 9184 and 80?
16
Calculate the greatest common divisor of 63 and 995967.
63
What is the highest common divisor of 10897 and 131?
1
What is the highest common divisor of 28808 and 312?
104
What is the highest common factor of 9216 and 863424?
576
Calculate the greatest common divisor of 7848 and 344.
8
What is the highest common factor of 1197 and 651?
21
What is the greatest common divisor of 9589 and 12042?
223
What is the highest common factor of 192 and 23992?
8
What is the highest common divisor of 842 and 335537?
421
Calculate the highest common divisor of 50 and 96010.
10
What is the greatest common divisor of 2568 and 2688?
24
What is the greatest common divisor of 427 and 40199?
61
What is the highest common factor of 5751 and 2646?
27
What is the greatest common factor of 34 and 265523?
17
What is the highest common divisor of 6 and 4386?
6
Calculate the highest common divisor of 238082 and 26.
26
What is the greatest common divisor of 334989 and 6669?
513
What is the greatest common factor of 932325 and 930?
465
Calculate the highest common divisor of 51948 and 2860.
52
Calculate the highest common factor of 56 and 15148.
28
What is the greatest common factor of 60 and 1125340?
20
What is the highest common divisor of 3320 and 4814?
166
What is the highest common divisor of 8516 and 164?
4
What is the greatest common factor of 472 and 7552?
472
What is the highest common factor of 1264459 and 217?
217
What is the greatest common divisor of 26749 and 23?
23
Calculate the highest common divisor of 1476 and 5868.
36
Calculate the highest common factor of 27 and 3136779.
27
What is the highest common factor of 6090 and 25950?
30
Calculate the greatest common divisor of 428 and 60134.
214
What is the highest common factor of 124189 and 699?
233
Calculate the highest common factor of 110 and 13.
1
Calculate the highest common factor of 10556 and 55042.
754
Calculate the highest common divisor of 27955 and 7.
1
Calculate the greatest common factor of 33327 and 6.
3
What is the greatest common divisor of 987984 and 32?
16
What is the highest common divisor of 7308 and 94395?
609
Calculate the highest common divisor of 94465 and 35.
35
What is the greatest common divisor of 12 and 4051308?
12
What is the highest common factor of 356 and 14062?
178
Calculate the greatest common divisor of 60 and 78264.
12
What is the greatest common divisor of 1984 and 2624?
64
Calculate the greatest common factor of 2496 and 2242656.
1248
What is the highest common divisor of 168 and 253358?
14
Calculate the highest common divisor of 1294074 and 612.
306
What is the greatest common divisor of 59 and 595369?
59
Calculate the highest common divisor of 36 and 8244.
36
What is the greatest common factor of 460501 and 382?
191
What is the highest common factor of 26 and 72423?
13
Calculate the highest common factor of 378 and 263115.
27
Calculate the highest common divisor of 18648 and 2136.
24
What is the highest common divisor of 124 and 2623468?
124
What is the highest common factor of 712 and 27992?
8
Calculate the highest common divisor of 14999 and 17263.
283
What is the greatest common divisor of 279 and 189720?
279
What is the highest common factor of 782 and 10327?
23
What is the highest common factor of 15857 and 202?
101
Calculate the highest common divisor of 3412718 and 908.
454
What is the greatest common factor of 12 and 7877532?
12
What is the greatest common factor of 27089 and 824?
103
What is the highest common factor of 17 and 137513?
17
What is the greatest common factor of 90325 and 2825?
25
Calculate the greatest common divisor of 1714615 and 35.
35
Calculate the greatest common factor of 1731900 and 420.
60
Calculate the highest common factor of 884 and 153374.
442
Calculate the greatest common factor of 20351 and 8227.
433
What is the greatest common divisor of 792 and 36792?
72
Calculate the highest common factor of 3124 and 88.
44
What is the greatest common divisor of 1326 and 1014?
78
Calculate the greatest common divisor of 59983 and 2128.
133
What is the greatest common factor of 1391 and 832?
13
Calculate the highest common divisor of 14523 and 309.
309
Calculate the greatest common divisor of 147 and 423752.
49
What is the highest common factor of 704 and 29216?
352
Calculate the greatest common factor of 8905 and 2329.
137
Calculate the highest common divisor of 4648 and 289919.
581
What is the highest common factor of 19635 and 297?
33
What is the highest common factor of 24067 and 328?
41
What is the highest common divisor of 57153 and 6?
3
What is the greatest common divisor of 13095 and 615?
15
Calculate the highest common divisor of 3325 and 634011.
133
Calculate the highest common divisor of 538 and 6199912.
538
Calculate the greatest common factor of 55 and 1111.
11
Calculate the highest common divisor of 50071 and 119.
7
What is the highest common divisor of 247 and 56264?
13
What is the highest common divisor of 154 and 73524?
22
Calculate the greatest common factor of 8323 and 91.
7
Calculate the highest common factor of 3104 and 392268.
388
What is the greatest common factor of 13665 and 30?
15
Calculate the highest common factor of 16521 and 333.
3
What is the highest common factor of 3545 and 2810?
5
Calculate the greatest common factor of 1199 and 45780.
109
What is the greatest common factor of 175304 and 9384?
136
Calculate the highest common factor of 3320 and 440.
40
Calculate the highest common divisor of 2519933 and 39.
13
What is the greatest common divisor of 1908495 and 27?
27
What is the highest common factor of 110 and 9810?
10
What is the greatest common divisor of 57691 and 31?
31
What is the greatest common factor of 40692 and 60?
12
Calculate the greatest common divisor of 12 and 165588.
12
What is the highest common factor of 890 and 50552?
178
What is the greatest common factor of 295077 and 615?
123
Calculate the greatest common factor of 22376 and 888.
8
Calculate the highest common divisor of 726 and 1435302.
726
What is the greatest common divisor of 54 and 77139?
27
Calculate the greatest common factor of 6 and 158457.
3
Calculate the greatest common factor of 1085 and 201035.
155
What is the greatest common divisor of 3498951 and 213?
213
Calculate the highest common divisor of 63 and 322443.
9
What is the greatest common divisor of 39407 and 4769?
251
Calculate the greatest common factor of 179112 and 39576.
408
Calculate the highest common divisor of 4561563 and 278.
139
What is the greatest common divisor of 5530 and 490?
70
What is the highest common divisor of 3780 and 113022?
378
What is the greatest common divisor of 52542 and 40449?
417
What is the highest common factor of 1301112 and 4896?
1224
Calculate the highest common divisor of 15148 and 4.
4
What is the greatest common factor of 7106 and 127490?
418
What is the highest common factor of 1284477 and 122?
61
Calculate the greatest common factor of 82 and 124886.
82
What is the greatest common factor of 54 and 91467?
9
What is the highest common factor of 46420 and 736390?
2110
What is the highest common factor of 979700 and 291?
97
Calculate the highest common divisor of 24 and 23064.
24
Calculate the highest common divisor of 20167 and 33299.
469
What is the highest common factor of 29788 and 8?
4
What is the greatest common divisor of 70915 and 2015?
65
Calculate the highest common divisor of 396410 and 140.
70
What is the highest common factor of 63 and 24213?
21
Calculate the greatest common divisor of 30 and 1020435.
15
What is the greatest common divisor of 3798718 and 77?
77
What is the greatest common divisor of 15055 and 5?
5
Calculate the greatest common factor of 1781 and 689.
13
What is the highest common divisor of 71401 and 99?
11
Calculate the highest common factor of 35163 and 18.
9
Calculate the greatest common divisor of 118402 and 1325.
53
Calculate the highest common divisor of 53573 and 845.
16